*4/6 + 4*x**2 + 4*x. What are the prime factors of p(10)?
2
Let z = -17 - -55. Suppose 2*p - z = -4. What are the prime factors of p?
17
Let r(q) = q - 2. Let a be r(6). Suppose -5*u - 4*d + 35 = 0, -a*u + 36 = 2*d + 2. List the prime factors of u.
11
Let t(x) = x**3 + 26*x**2 + 16*x - 62. List the prime factors of t(-25).
163
Suppose -4*n - 200 = 96. Let k = -35 - n. List the prime factors of k.
3, 13
Suppose -45*x + 41*x + 396 = 0. What are the prime factors of x?
3, 11
Suppose -11 = -o + q, -5 = o + q + 2*q. Suppose o = -i + 38. What are the prime factors of i?
31
Let m(v) = -v + 1. Let w be m(-2). Let b = -1 + w. Suppose 0*x = -2*k + x + 26, 6 = b*k + 4*x. List the prime factors of k.
11
Let p(o) = -2*o - 1. Let c be p(-3). Suppose -5*f - q - 10 = -3*q, 0 = 3*f - q + c. Suppose -b + 8 - 1 = f. List the prime factors of b.
7
Let o be (-63)/(-35) - 1/(-5). Suppose o*j = j. Let b = 3 - j. What are the prime factors of b?
3
Suppose 0 = -i + 6*i + 4*f - 19, -2*i + f + 18 = 0. List the prime factors of i.
7
Suppose -108 = -3*l + n, n + 0*n = -4*l + 151. Let y = l + -19. List the prime factors of y.
2, 3
Let p(h) = 3*h + 1 - 4*h + 2*h. What are the prime factors of p(3)?
2
Let k(l) = -l + 8. Let d be k(8). List the prime factors of (d - 1) + (2 - -7).
2
Suppose -7*p + 179 + 304 = 0. What are the prime factors of p?
3, 23
Suppose 3*z - 2*z - 18 = 0. List the prime factors of z.
2, 3
Suppose 5*o - 3*s = 53, 3*s = -3*o + 2*s + 29. List the prime factors of o.
2, 5
Let s(i) be the third derivative of -i**4/24 + 13*i**3/6 - 2*i**2. What are the prime factors of s(9)?
2
Suppose b = -n + 7, -2*n - 3*n - b + 23 = 0. Let l = n - 0. What are the prime factors of (-30)/(-3)*l/10?
2
Suppose -3*x = -6*x - 2*r, 3*r - 5 = -2*x. List the prime factors of 5 + (0 - x - 5).
2
Suppose -245 = -2*w - 5*h, 4*h - 460 = -3*w - w. List the prime factors of w.
2, 5, 11
Let q(r) = -r - 1. Let v be q(-1). Suppose -3*u + 4*u + 4*s - 11 = v, s - 22 = -2*u. List the prime factors of u.
11
Let f = -12 + 14. Suppose -4*r + f*k + k = -135, 2*k + 35 = r. What are the prime factors of r?
3, 11
Let v = -18 + 28. What are the prime factors of v?
2, 5
Let t = 14 + 9. What are the prime factors of t?
23
Suppose -6*z - 165 = -699. List the prime factors of z.
89
Let u(t) be the third derivative of t**4/6 - t**3/3 - t**2. What are the prime factors of u(2)?
2, 3
Suppose -2*n + 4*n = 0. Suppose 0*f - 2*f + 4*g + 16 = n, 4*f + 4*g = 68. What are the prime factors of f?
2, 7
Let j(d) = d**2 + 6*d + 7. Let i be j(-5). Suppose 2*k = 2, -11 = -5*h - i*k + 26. Suppose -2*b = -h*b + 35. List the prime factors of b.
7
Suppose -30*g = -27*g - 354. What are the prime factors of g?
2, 59
Suppose -2*b + 3*b - 4 = 0. Suppose v + 0*v - 3*r = 20, -4*v - b*r = 0. What are the prime factors of v?
5
List the prime factors of 3*-1 + (55 - 2).
2, 5
Let f = 5 + 0. Suppose f*g + 27 = 2, -g = 4*b - 3. Suppose b*q - 27 = -q. What are the prime factors of q?
3
Suppose -7*u + 114 = 9. List the prime factors of u.
3, 5
Suppose 0 = 3*n + 16 + 23. Let d = -9 - n. What are the prime factors of d?
2
Suppose 7 = 5*t - 18. Suppose -116 = -3*m + 2*j, -t*m + j + 189 = 2*j. What are the prime factors of m?
2, 19
Suppose -29 = -2*t + 17. List the prime factors of t.
23
Suppose -d + 121 = -3. What are the prime factors of d?
2, 31
Let a(f) = f**3 + 3*f**2 - f - 4. Let d be a(-3). What are the prime factors of (1/d - -2) + 6?
7
Let l(y) = 7*y - 12. What are the prime factors of l(5)?
23
Let i(p) = p**2 + 3*p - 1. Let t be i(-3). Let v be 3 + (1 + t - 0). Let o(k) = 6*k - 3. What are the prime factors of o(v)?
3, 5
Suppose -5*h = -4*x - 0*x + 836, -3*h - 504 = -3*x. What are the prime factors of 2/6 - h/12?
2, 7
Let p = 24 - 12. Suppose -5*t + 2*c = -113, 0 = -5*c - 8 - p. Suppose 3*l = -3*u + t, -49 = -3*l - 0*l + 4*u. List the prime factors of l.
11
Let v be (-14)/3*(-15)/10. Suppose 0 = d - 2*d + v. What are the prime factors of d?
7
Suppose -z - 25 = -2*z. What are the prime factors of z?
5
Let w = 12 - 5. Let t = w - -3. Let a = -7 + t. List the prime factors of a.
3
Suppose 219 = 2*q - 3. What are the prime factors of q/12 - 4/16?
3
Suppose 15 + 5 = 4*p. Let s = p - 1. Suppose 2*l + 1 = -1, s*l = 3*o - 25. What are the prime factors of o?
7
Let p = 677 + -349. What are the prime factors of p?
2, 41
Suppose o - 6*o - 3*s + 262 = 0, 5*o - s = 246. What are the prime factors of o?
2, 5
What are the prime factors of (-1089)/(-63) - (-2)/(-7)?
17
Suppose 15 = 4*v + 4*o - 1, -v + 12 = -3*o. Let f = v - 20. List the prime factors of (f/3)/(6/(-9)).
7
Suppose -4*d + 73 = -4*n - 15, 4*n - 65 = -5*d. Let g = 40 - d. Suppose -2*k + g = -7*t + 4*t, 5*t + 43 = 4*k. List the prime factors of k.
7
Let y(v) be the first derivative of v**2/2 + 2*v + 3. List the prime factors of y(2).
2
Suppose -2*m - 268 = -3*u - 3*m, -u + 4*m = -111. List the prime factors of u.
7, 13
Let y(q) = 3*q + 9 + q - 5*q. Let z be y(7). Suppose -2*t = -s + 2*t - 6, -4*t + z = -3*s. List the prime factors of s.
2
Let t(v) = -2*v**2 - 1. Suppose 4*n = -5*b - 5 - 6, 2*n + 4 = -4*b. Let a be t(b). What are the prime factors of 2*1 + 0/a?
2
Let m = 40 + -13. List the prime factors of m.
3
Suppose 0 = 4*l + 4*z - z + 143, 0 = 5*l - 5*z + 205. Let r = 58 + l. List the prime factors of r.
2, 5
List the prime factors of 3 + -7 - (-7 + 1).
2
Suppose -4*g + 4*s = -328, 0 = -s - 4 + 2. List the prime factors of g.
2, 5
Let g be ((-6)/4)/(3/(-8)). Let o = g - -2. Suppose o*y = y + 45. List the prime factors of y.
3
Let m(o) be the second derivative of 0 + 2/3*o**3 + 2*o + 1/20*o**5 - o**2 - 1/4*o**4. List the prime factors of m(2).
2
Let i be 3/(-2)*130/(-39). Suppose -4*l - 13 - 3 = 0, 0 = i*c + 5*l - 90. List the prime factors of c.
2, 11
Suppose 4*v - 272 + 0 = 0. Suppose 4*w = 5*r + 175, -r + 129 = 5*w - v. What are the prime factors of w?
2, 5
Let p(z) = 3*z**2 + z. Let o be p(1). Suppose 33 = -o*q - 3*x - 2*x, 4*q - 5*x = 17. Let t = q + 14. List the prime factors of t.
2, 3
Suppose 13*n - 8*n - 150 = 0. List the prime factors of n.
2, 3, 5
Suppose -u = 3*u - 128. List the prime factors of (40/u)/(1/4).
5
Let m(n) = -n**2 + 8*n + 12. Let p be m(9). Suppose 2*s - p*w = 3*s - 19, 2*w - 22 = -3*s. What are the prime factors of -3 - -6*s*1?
3, 7
Let m(s) = -15*s - 1. Let a be m(-2). Let t be a/9 - (-2)/(-9). Suppose -2*i + 3*i + 5*v + 12 = 0, -64 = -t*i + 5*v. List the prime factors of i.
13
Let b be -198*(0 - 1/2). Suppose -4*s = -7*s + b. What are the prime factors of s?
3, 11
Let r(w) = w. Let v be r(7). Let k(m) = 7*m + 2. Let g be k(3). Suppose -g = -2*c - v. What are the prime factors of c?
2
Suppose -7 = -3*x - 1. Let j(m) = -m**2 - 6*m - 2. Let t be j(-5). Suppose x = i + 3*a, -5*i - t*a + 7*a + 67 = 0. List the prime factors of i.
11
Suppose -g - j - j + 2 = 0, 5*g + 5*j = 0. Let a be 2 - 111/(-1 + g). Suppose 0 = 3*h - 0*h - a. List the prime factors of h.
13
Let j(q) = -q**3 + 8*q**2 - q + 6. Let b be j(8). Let c be b/(-8) + (-2)/8. Suppose 0 = -u + 4 - c. What are the prime factors of u?
2
Suppose 0 = -0*j + 5*j - 15, -2*h - 2*j = -8. Let a be (h + 1)*(5 + 2). Suppose -o = -2*c + c + 11, 0 = -c - 2*o + a. What are the prime factors of c?
2, 3
Let v be 6/(-9) + 448/6. Suppose 4*t - 4*a = 23 + 41, v = 5*t - 2*a. List the prime factors of t.
2, 7
Let m(n) = n**2 - 4*n - 2. Let b be m(6). Suppose 0 = 4*x - 18 - b. Let k(g) = 4*g - 5. What are the prime factors of k(x)?
23
Let p(t) be the second derivative of -t**5/20 - t**4/2 + 2*t**2 + 2*t. Let z be p(-6). Suppose -z*v - 14 + 62 = 0. What are the prime factors of v?
2, 3
Let m be (-3)/9 + (-3)/(-9). List the prime factors of m + (6*2 - 0).
2, 3
Let h(y) = y**2 - 6*y - 3. Let f = -8 - -16. List the prime factors of h(f).
13
Let p(h) = h + 4 + h**2 - 3 + 0*h**2 - 2. List the prime factors of p(3).
11
Let i(a) = a + 10. Let v be i(-8). Suppose v*o = -2*o + 48. List the prime factors of o.
2, 3
Suppose 3*m = 6*m + 3. List the prime factors of (-3)/m*2 - 3.
3
What are the prime factors of (-2454)/(-9) + (-15)/9?
271
Let y = -1 - -3. Suppose -3*c = -5*o + 5 - 17, -2*c - 5*o = -8. What are the prime factors of ((-14)/y)/((-2)/c)?
2, 7
Let t = -35 + 63. List the prime factors of t.
2, 7
Suppose -3*m + 31 = 5*l, m - 2*